 - 75*x + 14. What is f(4)?
-190
Let s(o) = 2*o**2 - 70*o + 341. Give s(6).
-7
Let g(v) = 1415*v - 33908. What is g(24)?
52
Let h(f) = -353*f + 2667. Give h(9).
-510
Let w(b) = -b**3 + 257*b**2 + 262*b - 1031. What is w(258)?
1
Let i(n) = -n**2 - 9*n + 1. Give i(6).
-89
Let b(l) = l**3 - 12*l**2 + 63*l - 208. Give b(7).
-12
Let b(u) = 4*u**2 + u - 132. Give b(-5).
-37
Let l(f) = -7*f**2 + 437*f - 182. What is l(62)?
4
Let u(i) = -8*i**3 + 346*i**2 - 93*i + 304. Calculate u(43).
3
Let v(w) = -2*w**3 - 18*w**2 + 5*w - 7. What is v(-8)?
-175
Let q(o) = 8*o - 334. Determine q(39).
-22
Let w(n) = 730*n - 8712. Determine w(12).
48
Let u(q) = q**3 - 4*q**2 - 10*q - 18. Determine u(11).
719
Let p(n) = 28*n + 1696. Calculate p(-61).
-12
Let v(y) = -165*y**2 - 17*y - 24. Determine v(-2).
-650
Let i(x) = -2*x**3 - 52*x**2 + 2*x + 38. Determine i(-26).
-14
Let i(o) = 2*o**3 - 26*o**2 + 54*o - 13. Calculate i(10).
-73
Let h(t) = -2*t**2 - 73*t - 665. What is h(-18)?
1
Let w(k) = k**2 - 80*k - 1772. What is w(-18)?
-8
Let n(w) = -4*w**2 + 60*w - 332. Calculate n(6).
-116
Let b(h) = 3*h**2 + 6*h + 5. What is b(3)?
50
Let m(f) = -20*f - 660. Calculate m(-32).
-20
Let h(o) = 371*o + 10022. Determine h(-27).
5
Let v(k) = 58*k**2 + 641*k - 656. What is v(-12)?
4
Let w(x) = -x**3 + 8*x**2 + 4*x. Give w(10).
-160
Let u(v) = -v**3 + 35*v**2 + 84*v - 376. What is u(37)?
-6
Let x(o) = -415*o + 433. What is x(1)?
18
Let l(u) = -208*u - 17055. Give l(-82).
1
Let q(h) = h**2 + 81*h - 482. Give q(-72).
-1130
Let g(a) = -a**3 - 16*a**2 + 64*a + 514. What is g(-18)?
10
Let g(r) = r**3 - 67*r**2 + 180*r + 776. Give g(64).
8
Let r(j) = -3*j**2 - 271*j + 1743. Calculate r(6).
9
Let n(o) = -148*o - 2255. Calculate n(-15).
-35
Let w(d) = -d**3 - 6*d**2 + 64*d + 427. Give w(-8).
43
Let i(v) = 2*v**3 + 17*v**2 - 6*v - 9. Give i(-9).
-36
Let q(t) = 13*t**2 - 114*t + 164. Determine q(7).
3
Let w(y) = -12*y + 154. Determine w(-12).
298
Let h(o) = 64*o - 979. Determine h(13).
-147
Let d(k) = k**2 + 54*k - 48. Calculate d(-55).
7
Let v(g) = g**2 + 156*g + 2397. Calculate v(-17).
34
Let u(k) = -185*k + 2929. What is u(16)?
-31
Let z(h) = -h**3 - 40*h**2 - 45*h - 157. Give z(-39).
77
Let r(v) = -v**2 + 9*v + 254. Determine r(-12).
2
Let u(c) = -c**2 - 5*c + 19. What is u(8)?
-85
Let f(k) = -k**3 - 47*k**2 - 44*k + 19. Determine f(-46).
-73
Let v(b) = 73*b - 1834. Give v(25).
-9
Let c(g) = 2*g**2 + 35*g + 121. What is c(-3)?
34
Let u(q) = -q**3 - 12*q**2 + 156*q - 94. Calculate u(-20).
-14
Let f(v) = -52*v - 1048. Calculate f(-20).
-8
Let i(z) = -z**2 - 17*z + 2939. Calculate i(46).
41
Let z(u) = -57*u - 13. Calculate z(-3).
158
Let b(x) = -3*x**2 + 35*x + 67. Determine b(-2).
-15
Let o(h) = -2*h**3 - 22*h**2 - 32*h - 338. What is o(-11)?
14
Let x(h) = -67*h - 602. Calculate x(-9).
1
Let c(q) = -8*q**2 + 330*q + 565. Calculate c(43).
-37
Let l(i) = i**3 - 32*i**2 - 111*i + 214. Calculate l(35).
4
Let c(q) = 2090*q + 106582. Give c(-51).
-8
Let x(z) = z**3 - 5*z**2 - 29*z + 64. Determine x(5).
-81
Let i(o) = -o**3 + o**2 + 23*o - 106. Determine i(4).
-62
Let y(g) = g**3 + 19*g**2 + 55*g - 53. What is y(-17)?
-410
Let l(v) = v**3 - 21*v**2 + 24*v + 245. What is l(19)?
-21
Let n(q) = -3*q**2 - q - 23. Give n(-5).
-93
Let f(d) = -d**3 - 60*d**2 + 67*d + 333. What is f(-61)?
-33
Let b(c) = 410*c - 177. Give b(-2).
-997
Let c(p) = -12*p - 209. What is c(-12)?
-65
Let p(o) = 71*o + 6. Calculate p(-1).
-65
Let t(g) = -34*g**3 + 11*g**2 + 7*g - 11. Calculate t(2).
-225
Let q(l) = 3*l - 273. What is q(-27)?
-354
Let z(i) = -242*i + 1447. Give z(6).
-5
Let g(b) = -1902*b**2 - 17120*b - 14. Give g(-9).
4
Let f(y) = 5*y**2 + 2*y - 30. Determine f(-9).
357
Let b(a) = 37*a**2 + 80*a + 14. Determine b(-2).
2
Let l(u) = u**3 + 45*u**2 + 41*u - 133. Calculate l(-44).
-1
Let c(q) = q**3 - 26*q**2 + 42*q + 110. What is c(4)?
-74
Let b(x) = 54*x - 4434. What is b(82)?
-6
Let v(l) = 5*l**3 + 5*l**2 + 4*l + 4. Calculate v(-3).
-98
Let q(l) = -l**3 + 8*l**2 - 5*l + 289. Determine q(11).
-129
Let i(a) = 18*a + 80. Determine i(-5).
-10
Let k(c) = -2734*c + 5491. Give k(2).
23
Let c(x) = 7*x - 394. Give c(33).
-163
Let j(o) = o**3 - o**2 - 2*o + 4. Give j(-2).
-4
Let o(f) = -f**3 + 51*f**2 - 110*f + 8460. Calculate o(52).
36
Let t(x) = -x**3 + 14*x**2 + 72*x - 15. Determine t(-4).
-15
Let w(z) = 29*z - 182. Determine w(3).
-95
Let i(h) = -8*h + 340. What is i(36)?
52
Let u(i) = 25224*i - 227011. Determine u(9).
5
Let r(s) = -55*s - 632. Determine r(-12).
28
Let w(u) = 2*u**3 - 7*u**2 + 4*u + 2. What is w(4)?
34
Let p(h) = 3*h**3 + 10*h**2 - 12*h - 6. Determine p(2).
34
Let h(y) = -13*y + 5. What is h(-10)?
135
Let r(t) = -2*t**2 - 63*t + 332. Calculate r(-36).
8
Let w(n) = 54*n**2 - 22*n - 4. Calculate w(1).
28
Let w(h) = 46*h - 464. Determine w(12).
88
Let i(c) = c**3 + 28*c**2 - 286*c + 102. Determine i(-36).
30
Let z(m) = -m**2 - 8*m - 10. What is z(0)?
-10
Let o(v) = 8*v**3 - 7*v**2 + 4*v + 16. What is o(-1)?
-3
Let f(m) = m**2 - 210*m + 2556. Determine f(13).
-5
Let o(v) = v**3 - 20*v**2 - 55*v - 38. Calculate o(21).
-752
Let r(d) = -4*d**3 + 47*d**2 + 14*d - 20. What is r(12)?
4
Let k(n) = -n**3 - 4*n**2 + 15*n + 52. Calculate k(-4).
-8
Let r(v) = -76*v + 3634. Calculate r(48).
-14
Let o(n) = -n**3 + 38*n**2 - 39*n - 141. Determine o(37).
-215
Let r(t) = 4622*t + 64714. What is r(-14)?
6
Let c(h) = 7*h**2 - 106*h + 12. Calculate c(14).
-100
Let y(k) = -k**2 - 10*k + 557. Calculate y(-29).
6
Let q(o) = 201*o**2 - 8842*o - 58. What is q(44)?
30
Let r(l) = -115*l + 939. Give r(8).
19
Let y(c) = -2*c**2 + 31*c + 232. Calculate y(-6).
-26
Let d(q) = -q**3 - 18*q**2 + 1767*q + 46. Determine d(34).
12
Let u(q) = -399*q - 2415. What is u(-6)?
-21
Let x(p) = -p**3 + 9*p**2 - 36*p + 467. Determine x(10).
7
Let w(i) = -262*i - 2626. Determine w(-10).
-6
Let t(r) = -136*r - 1358. Determine t(-10).
2
Let m(s) = -9*s - 5. Calculate m(2).
-23
Let g(n) = 33*n - 28. What is g(-5)?
-193
Let a(j) = 12*j**2 - 139*j - 213. Determine a(13).
8
Let y(q) = 11*q**3 - 74*q**2 + 76*q - 2. Determine y(1).
11
Let q(i) = i**3 + i**2 - 36*i - 22. Determine q(-7).
-64
Let i(z) = z**3 - 18*z**2 - 277*z + 916. Give i(27).
-2
Let s(o) = -o**3 + 50*o**2 - 522*o - 732. Calculate s(34).
16
Let u(h) = 11*h - 52. Give u(-4).
-96
Let i(c) = -5*c**3 + 5*c + 534. What is i(0)?
534
Let n(y) = 9*y + 139. Calculate n(-4).
103
Let y(z) = -z**2 - 44*z - 178. Determine y(-5).
17
Let d(u) = -6*u**3 + 25*u**2 - 29*u + 99. Give d(4).
-1
Let f(s) = -472*s - 2356. Calculate f(-5).
4
Let o(h) = 10*h**2 - 11*h + 7. Calculate o(4).
123
Let w(c) = 192*c + 972. Determine w(-5).
12
Let l(c) = c**3 + 25*c**2 + 39*c + 597. Determine l(-24).
237
Let b(t) = -3*t**2 - 306*t - 2318. Determine b(-8).
-62
Let u(q) = 3*q**2 - 38*q + 51. Give u(13).
64
Let u(p) = 13*p**2 - 362*p + 1697. What is u(6)?
-7
Let x(l) = 106*l + 12939. Calculate x(-122).
7
Let j(x) = -7*x**3 + 4*x**2 + 4*x + 21. Calculate j(-3).
234
Let k(f) = -f**3 + 7*f**2 - 13*f + 30. What is k(6)?
-12
Let n(o) = -91*o + 359. Calculate n(4).
-5
Let q(h) = -h**3 + 13*h**2 - 24*h + 12. Calculate q(11).
-10
Let h(u) = 4*u**2 + 58*u + 220. Calculate h(-7).
10
Let k(x) = -x**2 - 49*x - 218. Determine k(-44).
2
Let v(q) = -q**2 + 52*q - 482. Determine v(13).
25
Let s(a) = a**3 + 2*a**2 - 31*a - 16. What is s(5)?
4
Let r(j) = -222*j + 202. Determine r(1).
-20
Let t(s) = s**3 - 15*s**2 + 42*s + 127. Give t(10).
47
Let j(m) = -32*m + 145. Give j(4).
17
Let r(o) = 18*o**2 - 408*o - 132. Calculate r(23).
6
Let l(h) = 853*h + 968. Give l(-1).
115
Let k(f) = -37*f - 938. Determine k(-26).
24
Let i(d) = -116*d - 5531. What is i(-47)?
-79
Let y(h) = -6*h**3 - 6*h**2 + 3*h + 3. Determine y(1).
-6
Let z(v) = -396*v + 2821. Calculate z(7).
49
Let j(i) = -i**2 + 120*i - 44. Calculate j(0).
-44
Let w(l) = -l**3 + 14*l**2 - 21*l - 1. Calculate w(9).
215
Let k(y) = 3*y**2 + 33*y - 38. Calculate k(1).
-2
Let u(i) = -83*i - 1069. Calculate u(-10).
-239
Let u(p) = 42*p - 14. Determine u(-4).
-182
Let u(c) = -17*c**2 + 90*c - 12. What is u(5)?
13
Let w(r) = 180*r + 1795. What is w(-10)?
-5
Let j(d) = 69*d - 75. Calculate j(0).
-75
Let t(z) = -76*z + 485. Give t(-5).
865
Let n(f) = f**3 - 8*f**2 + 9*f + 7. Determine n(8).
79
Let q(b) = 